prime number?
False
Is 257 a composite number?
False
Is 541 a composite number?
False
Is 43063 prime?
True
Is 23159 a composite number?
False
Is 5207 composite?
True
Is 96963 composite?
True
Is 288191 composite?
False
Is 34189 a prime number?
False
Is 62437 composite?
True
Is 436913 composite?
False
Is 3665 prime?
False
Is 101301 a prime number?
False
Is 4111 composite?
False
Is 66919 a composite number?
False
Is 6193 a prime number?
False
Is 7653 a prime number?
False
Is 37229 composite?
True
Is 144277 a composite number?
True
Is 345907 composite?
False
Is 453823 prime?
True
Is 289634 composite?
True
Is 2670233 a prime number?
False
Is 24441 composite?
True
Is 17317 prime?
True
Is 40879 a prime number?
True
Is 2333 prime?
True
Is 64151 composite?
False
Is 86641 a prime number?
False
Is 264283 a composite number?
False
Is 571 prime?
True
Is 161657 composite?
True
Is 12895 a prime number?
False
Is 33407 composite?
True
Is 111731 composite?
False
Is 165563 composite?
True
Is 4341 prime?
False
Is 99679 prime?
True
Is 73285 a composite number?
True
Is 3811 a prime number?
False
Is 46261 a prime number?
True
Is 293 a prime number?
True
Is 2647 prime?
True
Is 669745 a composite number?
True
Is 1297 a prime number?
True
Is 241511 a prime number?
True
Is 226183 a prime number?
True
Is 87553 composite?
False
Is 17323 a prime number?
False
Is 127031 composite?
False
Is 9587 prime?
True
Is 21401 a prime number?
True
Is 991 prime?
True
Is 35363 a composite number?
False
Is 186209 composite?
True
Is 357701 composite?
True
Is 6593 composite?
True
Is 55135 a prime number?
False
Is 5557 a composite number?
False
Is 150239 composite?
False
Is 433331 a composite number?
True
Is 643099 prime?
True
Is 44809 a prime number?
True
Is 2107999 a prime number?
True
Is 94433 composite?
False
Is 12499 composite?
True
Is 54203 prime?
False
Is 454 composite?
True
Is 92987 a prime number?
True
Is 544058 a composite number?
True
Is 165701 a prime number?
True
Is 229309 composite?
False
Is 691 prime?
True
Is 229435 a prime number?
False
Is 33223 a prime number?
True
Is 552971 prime?
True
Is 1172921 composite?
False
Is 566537 composite?
False
Is 7319 a prime number?
False
Is 72797 prime?
True
Is 29063 composite?
False
Is 10231 composite?
True
Is 9073 prime?
False
Is 508297 prime?
True
Is 127 a composite number?
False
Is 7817 a prime number?
True
Is 24071 prime?
True
Is 356803 composite?
False
Is 695281 a composite number?
False
Is 8999 composite?
False
Is 5239753 a prime number?
True
Is 787559 a prime number?
False
Is 6464821 composite?
True
Is 7606 prime?
False
Is 2833 a composite number?
False
Is 157513 prime?
True
Is 373985 a composite number?
True
Is 6389 a prime number?
True
Is 1851643 a prime number?
True
Is 57 composite?
True
Is 281339 a composite number?
False
Is 259 a prime number?
False
Is 132659 composite?
True
Is 848069 a prime number?
False
Is 162959 prime?
False
Is 4119 composite?
True
Is 46642 composite?
True
Is 5723 prime?
False
Is 5383 prime?
False
Is 3287 a prime number?
False
Is 163097 a composite number?
True
Is 192811 a prime number?
True
Is 7603 a prime number?
True
Is 151819 composite?
True
Is 25013 prime?
True
Is 61487 composite?
False
Is 7817 a composite number?
False
Is 532051 composite?
True
Is 56417 a composite number?
False
Is 22957 composite?
True
Is 451355 composite?
True
Is 31953 composite?
True
Is 218783 a prime number?
True
Is 803 a prime number?
False
Is 239737 a composite number?
False
Is 143 composite?
True
Is 5141 a prime number?
False
Is 54751 a composite number?
False
Is 25537 prime?
True
Is 253 prime?
False
Is 57169 composite?
True
Is 897079 a composite number?
True
Is 12157 composite?
False
Is 178253 prime?
False
Is 305959 prime?
False
Is 28411 a composite number?
False
Is 7131 composite?
True
Is 860671 a prime number?
False
Is 75323 prime?
True
Is 4207 composite?
True
Is 1151 a prime number?
True
Is 253711 a prime number?
False
Is 345871 composite?
True
Is 319 prime?
False
Is 40213 a composite number?
False
Is 806821 a prime number?
True
Is 48113 composite?
True
Is 41281 composite?
False
Is 1669793 a prime number?
True
Is 58663 a prime number?
False
Is 14183 composite?
True
Is 2321 a prime number?
False
Is 75269 prime?
True
Is 93103 prime?
True
Is 335771 a prime number?
True
Is 2771 a prime number?
False
Is 303941 composite?
True
Is 8150789 composite?
False
Is 79657 a prime number?
True
Is 190357 a composite number?
False
Is 33563 composite?
False
Is 460219 a prime number?
False
Is 666479 composite?
True
Is 9589 a composite number?
True
Is 3057095 prime?
False
Is 16307 a composite number?
True
Is 171223 a prime number?
False
Is 158537 a composite number?
False
Is 81595 prime?
False
Is 8939 prime?
False
Is 22583 a composite number?
True
Is 121973 composite?
True
Is 221101 a composite number?
False
Is 229153 composite?
False
Is 13229 a composite number?
False
Is 496817 a composite number?
False
Is 391847 prime?
True
Is 67765 prime?
False
Is 73301 prime?
False
Is 82961 a composite number?
True
Is 5039017 prime?
True
Is 5435 composite?
True
Is 8529 prime?
False
Is 42505 composite?
True
Is 1346 prime?
False
Is 12757 prime?
True
Is 233 a prime number?
True
Is 487 composite?
False
Is 243647 prime?
True
Is 117563 a prime number?
True
Is 37787 composite?
True
Is 76637 composite?
True
Is 13553 prime?
True
Is 108622 composite?
True
Is 298 composite?
True
Is 1471 composite?
False
Is 55117 a composite number?
False
Is 41569 prime?
False
Is 58561 composite?
True
Is 67274 a prime number?
False
Is 9517 a composite number?
True
Is 1901986 a prime number?
False
Is 198181 composite?
True
Is 1439833 prime?
True
Is 17233 a prime number?
False
Is 132929 prime?
True
Is 215587 a prime number?
True
Is 355891 a composite number?
False
Is 649 a composite number?
True
Is 49079 a composite number?
True
Is 84603 a prime number?
False
Is 20939 a composite number?
False
Is 6731 a prime number?
False
Is 130283 composite?
True
Is 8219 prime?
True
Is 2528923 a prime number?
True
Is 586 prime?
False
Is 44537 a prime number?
True
Is 38833 prime?
True
Is 182111 composite?
False
Is 1357 a composite number?
True
Is 11113 a prime number?
True
Is 48215 composite?
True
Is 326903 a prime number?
True
Is 136933 composite?
True
Is 85991 composite?
False
Is 2459 composite?
False
Is 223 a composite number?
False
Is 23915 prime?
False
Is 90989 composite?
False
Is 9533 a composite number?
False
Is 251117 a composite number?
False
Is 977 a composite number?
False
Is 109987 a composite number?
False
Is 1203403 composite?
True
Is 70687 composite?
False
Is 23237 a composite number?
True
Is 4967 a prime number?
True
Is 169199 a composite number?
False
Is 50579 prime?
False
Is 1381 composite?
False
Is 1049623 a composite number?
False
Is 564505 composite?
True
Is 98681 prime?
False
Is 1070621 composite?
False
Is 41429 a prime number?
False
Is 80203 composite?
True
Is 65623 a composite number?
True
Is 384751 a prime number?
True
Is 103319 a composite number?
False
Is 6079 prime?
True
Is 8098 composite?
True
Is 2467 a composite number?
False
Is 423277 a composite number?
False
Is 138109 a prime number?
False
Is 6029 a composite number?
False
Is 13157 composite?
True
Is 529 a prime number?
False
Is 512963 prime?
False
Is 4174 a prime number?
False
Is 101137 prime?
False
Is 90107 a prime number?
True
Is 6073 a prime number?
True
Is 12394 prime?
False
Is 17035 prime?
False
Is 12071 composite?
False
Is 364967 prime?
False
Is 40741 a composite number?
True
Is 2609 a composite number?
False
Is 272777 a composite number?
False
Is 535595 prime?
False
Is 2595727 a prime number?
False
Is 1081 composite?
True
Is 108611 a prime number?
False
Is 19871 prime?
False
Is 4531 prime?
False
Is 3409 a prime number?
False
Is 6679 composite?
False
Is 377213 a composite number?
True
Is 49763 a prime number?
False
Is 2078 composite?
True
Is 95605 prime?
False
Is 753 a composite number?
True
Is 394943 a prime number?
True
Is 1151 composite?
False
Is 2180797 a composite number?
False
Is 718657 prime?
True
Is 32309 composite?
False
Is 18651 a prime number?
False
Is 11459 a composite number?
True
Is 20003 prime?
False
Is 102743 prime?
False
Is 24991 a prime number?
False
Is 14051 prime?
True
Is 7619 a prime number